s of f.
3
Suppose 4*r + 7 = -5*x + 18, 0 = -r - 1. Suppose x*j - 4*l - 18 - 5 = 0, j - 11 = 3*l. What are the prime factors of j?
5
Suppose 330 = u + 3*v - 2*v, -2*v + 4 = 0. List the prime factors of u.
2, 41
Suppose -z - 813 = -4*z. What are the prime factors of z?
271
Let n be 2 + 2 - 1 - -1. Suppose 5*y - n = 3*y. What are the prime factors of y?
2
Let w be 37/3 - 6/18. Let x = w + -8. List the prime factors of x.
2
Suppose -36 = -0*t - t. List the prime factors of t.
2, 3
Suppose 0*o - 30 = -6*o. Let q = o + 30. List the prime factors of q.
5, 7
Suppose 7 = 2*a + 1. Suppose -6*r + r = -15. Suppose -a = -y + r. List the prime factors of y.
2, 3
Suppose 49 = 3*m - 47. Let f = m + -2. Let o = f - 15. List the prime factors of o.
3, 5
Suppose 92 = 2*x - x. List the prime factors of x.
2, 23
Suppose 0 = -3*r - r + 116. Let w = 59 - r. Let y = w - 18. List the prime factors of y.
2, 3
Suppose 0 = -2*a - 2*v + 392, -5*a + a + 2*v + 802 = 0. What are the prime factors of a?
199
Let z = 12 + 3. List the prime factors of z.
3, 5
Let x be (-1 - -1) + (-5 - 1). Let g(c) = c**2 + 4*c + 1. List the prime factors of g(x).
13
Suppose 6 = 5*a - g + 17, -2*g + 8 = -3*a. Let h = 0 - a. Suppose -h*t + 11 = -11. List the prime factors of t.
11
Let h(i) = -6*i - 35. What are the prime factors of h(-17)?
67
Suppose 3*r - 46 = -x + 10, -4 = -2*x. What are the prime factors of r?
2, 3
Let q = 2 + 3. Suppose -3 = 3*o - q*h + 18, -5*h = -15. What are the prime factors of 1/o - (-62)/4?
3, 5
Suppose 0 = b + d + 2*d - 44, -d + 103 = 2*b. List the prime factors of b.
53
Let t(n) = n**3 + 5*n**2 - 8. What are the prime factors of t(-4)?
2
Let t(p) = p**2 + 2*p - 6. Let m be t(4). Suppose -3*z = -m - 0. Let q = 7 + z. List the prime factors of q.
13
Let t(v) = -v - 5. Let u be t(-8). Suppose 3*k + c = 2*c + 30, -u*k = -5*c - 18. List the prime factors of k.
11
Suppose -4*d + 4*f + 68 = 0, 0*d - 2*f = 2*d - 26. Let h be 6/4*(-8)/(-6). Suppose -g - h*g = -d. List the prime factors of g.
5
Let a(u) = -6*u**2 + 1 - 9 + 5*u + 0*u - 2*u + u**3. List the prime factors of a(6).
2, 5
Suppose -3*j + 58 + 23 = 0. What are the prime factors of j?
3
Suppose 2*u = -o + 1, -5*o + u = -0*o - 27. Let v = o - 1. What are the prime factors of v?
2
Let d(q) = 7*q + 7*q**2 + 3*q**2 - q**3 - 4*q**2 + 3 + 0. What are the prime factors of d(7)?
3
Suppose -147 = -2*t + 5. List the prime factors of t.
2, 19
Suppose 4*w + 2*u = -150, w = -0*w + 2*u - 25. Let o = -19 - w. List the prime factors of o.
2
Suppose 0 = -3*s + 2*p + 9, 3*s + 3*p + 2 = -4. Let y be 4/1*2/s. Let l(c) = c - 1. What are the prime factors of l(y)?
7
Suppose -4*l + 4*o = -28, 2*o + 6 = -o. Suppose 0*m - 9 = -3*m - l*f, -2*m + 3*f = 13. Let t(a) = -4*a - 3. What are the prime factors of t(m)?
5
List the prime factors of (9 - 7)*22*1.
2, 11
Let o(u) = u**2 + 5*u + 4. Let k(c) = 2*c + 10. Suppose -s + 8 = -2*s. Let p be k(s). List the prime factors of o(p).
2, 5
Suppose 23*r = 2*r + 735. List the prime factors of r.
5, 7
Let g(d) = d**3 + d**2 - d + 8. Let u be g(0). Let f = 6 + u. List the prime factors of f.
2, 7
Let k(m) = m. Let s be k(2). Suppose 2 = -4*r - s. List the prime factors of r + 36/3 - -1.
2, 3
Let r = 8 + -4. Suppose -2*f = -r*b - 6*f, -5*f = 3*b. Suppose 2*t - 3*d - 8 = b, 0*d + d = 2*t - 12. List the prime factors of t.
7
Let p(y) = -30*y - 14. Let d be p(-4). Suppose l + l = d. What are the prime factors of l?
53
Let k = -10 - -13. Suppose -4*t + k*c + 138 = 0, -3*c + 67 + 59 = 4*t. List the prime factors of t.
3, 11
Suppose -44 = -4*l - 4*a, -2*l + 2*a + 23 = 5*a. List the prime factors of l.
2, 5
List the prime factors of (2/5)/(3/690).
2, 23
Suppose -3*z + 39 = p - 6*z, -128 = -4*p - 2*z. Let b = -19 + p. List the prime factors of b.
2, 7
Let w(i) = -i**3 + 11*i**2 - 6*i - 9. Let l be w(11). List the prime factors of (-6)/9*l/10.
5
Let y(p) = -p**3 - 7*p**2 - p - 4. Let u be y(-7). Suppose -u*h = -41 - 4. What are the prime factors of h?
3, 5
Let c be 183/2*(-240)/9. List the prime factors of c/(-45) + (-8)/36.
2, 3
Let x(l) = 324*l**2 + 8*l - 7. List the prime factors of x(1).
5, 13
Suppose 5*x = -10, 4*y + 4*x + 120 = 600. List the prime factors of y.
2, 61
Suppose -6*j = -2*j. Suppose -w - w + 8 = j. What are the prime factors of w?
2
Suppose 2*w + 2*w + 2*p = -24, 3*p = w + 6. Let d = 20 + w. List the prime factors of d.
2, 7
Suppose 3*h + 0*h = k - 49, 151 = 3*k - 5*h. List the prime factors of k.
2, 13
Let a be ((-4)/5)/((-4)/10). Let j = 0 + a. Suppose 26 = j*n + 10. What are the prime factors of n?
2
Let c be -3*((-2 - -3) + 2). Let v be (-15)/9 - (-3)/c. Let k(m) = m**2 - m + 2. List the prime factors of k(v).
2
Suppose -p - 3*u + 15 = -5*p, -u + 5 = p. What are the prime factors of (-5 - p)*(4 - 5)?
5
Let o be 0*(21/6)/7. Let p(c) = -c**2 - c + 10. List the prime factors of p(o).
2, 5
Let w(g) = g**3 + 12. Suppose v + 4*s + 4 = -0, 2*v - 4*s = 4. What are the prime factors of w(v)?
2, 3
Let j = 20 + -12. Suppose 3*s + j = 4*s + 2*h, -3*s + 2*h + 64 = 0. List the prime factors of s.
2, 3
Let g = -77 - -158. What are the prime factors of g?
3
Suppose 3*p = 8*p - 955. What are the prime factors of p?
191
Let f = 121 + -79. What are the prime factors of f?
2, 3, 7
Let r = 9 + -5. Suppose -3*o = 2*z - 26, -68 = -r*z + 3*o - 5*o. What are the prime factors of z?
19
Suppose -5*g + 83 = -52. What are the prime factors of g?
3
Let k(x) = -9*x - 16. List the prime factors of k(-10).
2, 37
Let n(z) = -5*z - 4. Let j be n(-4). Suppose 0 = -i - i + j. List the prime factors of i.
2
Suppose -5*l + 2*l + 72 = 0. What are the prime factors of l?
2, 3
Suppose -b - 2*b - 54 = 5*d, 8 = -b - 5*d. Let i = 29 + -41. Let p = i - b. What are the prime factors of p?
11
Suppose 3*d = -48 + 6. Let l be (-8)/d + (-18)/(-42). Let s = 7 + l. What are the prime factors of s?
2
Suppose 3*i - 282 + 12 = 0. What are the prime factors of i?
2, 3, 5
Let w = -177 - -261. Suppose -2*c - w = -4*l, c - 98 = 4*l - 9*l. List the prime factors of l.
2, 5
Suppose 5*q - 43 = 6*m - 2*m, q - 2*m - 11 = 0. Let d = q - 4. What are the prime factors of d?
3
Let l(o) = -o. Let x be l(-3). Suppose 68 - 194 = -x*v. Suppose 3*y + 15 - v = 0. What are the prime factors of y?
3
Let s(k) be the third derivative of k**5/60 + k**4/24 - 2*k**3/3 + 3*k**2. List the prime factors of s(-3).
2
Suppose 0 = -4*f - 35 + 59. What are the prime factors of f?
2, 3
Let b = 6 - -3. What are the prime factors of b?
3
Let j = 818 + -1266. What are the prime factors of 2/(-11) - j/44?
2, 5
Let y = 0 - -5. Let t = 29 + y. What are the prime factors of t?
2, 17
Let t = -27 - -10. Let i = t + 30. List the prime factors of i.
13
Let r be -2 + 2 + -1 + 4. Suppose -h - r*h = -8. Suppose 33 = h*q + 11. What are the prime factors of q?
11
Let r(z) = -z**2 - 5*z - 2. Let i be r(-2). Let o = 9 - i. List the prime factors of o.
5
Suppose 0 = 13*i - 9*i - 200. List the prime factors of i.
2, 5
Let y(w) = -w**3 - 14*w**2 + 21*w + 16. What are the prime factors of y(-16)?
2, 3
Suppose -6 = -2*f - 4*q, 0 = -6*f + f + 5*q + 30. Suppose -1 = -2*y - 5, 0 = f*z - 5*y - 150. Suppose -116 + z = -4*s. List the prime factors of s.
2, 11
Let x(p) = -p**2 - 8*p + 6. Let w be x(-9). Let t = 7 + w. What are the prime factors of t?
2
Suppose 5*c = 1430 + 50. List the prime factors of c.
2, 37
Suppose 5*w + 2*i - 532 = -154, 4*w + 4*i - 312 = 0. What are the prime factors of w?
2, 37
Let k = 108 + 48. What are the prime factors of k?
2, 3, 13
Let s = -22 + 13. Let d be (-3)/s*(-3)/1. List the prime factors of -8*(d + 1 + -1).
2
Let c be ((-2)/4)/(4/8). List the prime factors of 4 - 0/4*c.
2
Let f = -3 + 5. Suppose -f + 0 = -i. Suppose b + 8 = z, -4*b = i*z + 2 - 0. What are the prime factors of z?
5
Let c = -402 - -631. List the prime factors of c.
229
Let s(y) be the first derivative of y**2 - 7*y - 3. List the prime factors of s(5).
3
Let v = -52 + 101. List the prime factors of v.
7
Let v(l) = -l**3 + 7*l**2 + 2*l - 9. What are the prime factors of v(6)?
3, 13
Let o(b) = -14*b**2 - 6*b + 4. Let y be o(5). Let i = y - -154. List the prime factors of i/(-27) + (-4)/18.
2
Suppose 0 = 5*q - 3*q. List the prime factors of (2 - -5) + q + 2.
3
Let y(p) = 12*p - 5. Let w(q) = -3*q + 1. Let z(o) = -